. Let k = i - w. Calculate the greatest common divisor of 70 and k.
14
Let r(i) = -i**3 - 9*i**2 - 12*i - 8. Let d be ((-3)/4)/(7/84). Let b be r(d). Suppose 0*n + b = 2*n. Calculate the highest common factor of 10 and n.
10
Suppose -2*n + 7*n + 1285 = 0. Let q = n - -154. Let d = -67 - q. What is the highest common divisor of d and 4?
4
Suppose 46 = z - v, 3*z - 128 = v + 8. Suppose -d - z = -6*d. What is the greatest common divisor of d and 1?
1
Suppose -2*s + 10 = -0*s + 4*w, -5*w + 17 = 4*s. What is the highest common factor of 21 and s?
3
Let s be 174/8 - 1/(-4). Suppose -3*g + m + 103 = 0, -g + 41 = -2*m - 0*m. Calculate the highest common divisor of g and s.
11
Let f be (-1)/(-3) + (-222)/(-9). Let m be 3 + -1 + f + 0. What is the highest common divisor of 18 and m?
9
Let a(x) = -x**2 - 22*x + 21. Let w be a(-22). Suppose -3 = -3*v - 0*v - 2*n, -3*n = -5*v + 24. Calculate the highest common factor of v and w.
3
Let c = -32 - -35. Suppose 0 = 3*z - 31 - 62. Let l = -22 + z. Calculate the greatest common divisor of l and c.
3
Let v(w) = w**3 - 6*w**2 - 2*w + 5. Let j be v(7). Let t = -9 - -15. Let a = t + 4. Calculate the greatest common factor of a and j.
10
Suppose 0 = 4*j - 2*j - 12. Suppose -j = c + 2*p, -10 = -0*c + 2*c + 3*p. Let m be (-3)/6 + (-61)/c. What is the highest common factor of m and 10?
10
Suppose -2*v - 4*d + 368 = 0, 4*v - 3*d = -2*d + 700. Let h be (-3 + 119/35)/((-2)/(-110)). Calculate the highest common factor of h and v.
22
Let i(a) = -a**2 - 6*a. Let d be i(-5). Let u be (8 - 58)*2/(-5). What is the highest common factor of u and d?
5
Let c(k) = 9*k**2 - k - 1. Suppose -y - 6 = -5. Let v be c(y). Let x(n) = n**2 - 4*n + 15. Let j be x(6). Calculate the highest common divisor of j and v.
9
Suppose 4*k = 2*n + 4, -k = 2*n - 5*n - 11. Let a be (3 - 0)/(k/(-3)). Suppose -297 = -2*p - p. Calculate the greatest common factor of p and a.
9
Let v(t) = 3*t - 6. Let d(l) = l**3 - 2*l**2 - 2*l - 2. Let w be d(5). Let y be (w/(-3))/(-3) - 1. Let z be v(y). What is the highest common factor of 12 and z?
12
Let i be ((-8)/10)/(4/(-50)). Let o = -267 + 272. Calculate the greatest common factor of i and o.
5
Suppose a = 6*a + 100. Let i = -6 - -7. Let s be ((-72)/a)/(i/55). Calculate the highest common divisor of 18 and s.
18
Suppose 0 = -2*l + 5 + 7. Suppose -i + l*i = 10. Suppose 0 = 3*p + i*k - 7*k - 49, -69 = -5*p + 2*k. Calculate the greatest common divisor of p and 91.
13
Let a = -117 + 143. What is the greatest common divisor of 65 and a?
13
Suppose w = 5*q - 13, 5*w - 49 = 5*q - 14. Suppose 5*j = 4*j - 13. Let v(p) = p**2 + 10*p + 9. Let r be v(j). What is the greatest common divisor of r and w?
12
Suppose -k + j + 10 = -6, -2*k = -3*j - 37. Let f = 121 + k. Calculate the highest common factor of 12 and f.
12
Let q(w) be the third derivative of 89*w**5/60 + w**3/6 + w**2. Let s be q(-1). Let r = s - 27. What is the highest common divisor of 7 and r?
7
Suppose -3*s + 104 = -2*s. Let q(n) = 5*n - 1. Let b be q(-3). Let a = 29 + b. Calculate the highest common divisor of s and a.
13
Let c be -3*(0 + -3 - 5/3). What is the greatest common factor of 14 and c?
14
Let q = -48 - -51. Calculate the greatest common divisor of 39 and q.
3
Let r be 428/3 - (-12)/(-18). Suppose 3*x = 4*f + 94, 5*f + r - 53 = 3*x. Calculate the highest common factor of 95 and x.
19
Let m be (-1)/(-2 - (-21)/12). Suppose -3*l + m = -11. Calculate the greatest common divisor of 20 and l.
5
Let x be (-2)/5 - 37/(-5). Let r be 6/(-21) - (-428)/28. Let m = 13 + r. What is the greatest common divisor of x and m?
7
Suppose -3*l - 37 = -127. Calculate the highest common factor of 15 and l.
15
Let v(o) = o**3 - 6*o**2 - 10*o - 9. Let h be v(8). Let b(c) = -c**3 + 4*c**2 + 3*c + 1. Let j be b(4). What is the highest common divisor of h and j?
13
Suppose 2*h - 30 = -5*p, -p + 9 = -h - 4. Let t = p + 9. What is the highest common factor of t and 17?
17
Let x = 92 + 12. Let f = -13 - -53. Let d = f - 27. Calculate the highest common divisor of x and d.
13
Let q(v) = 0 - 2*v + 3 + 4 + 7*v - v**2. Let g be q(5). What is the highest common divisor of 14 and g?
7
Let r be 21/2*(-12)/(-9). Suppose 5*n = 3*n + r. Suppose -5*g = -102 - 213. What is the greatest common divisor of n and g?
7
Suppose 7*p = 5*p + 418. What is the greatest common factor of p and 19?
19
Suppose 4*m - 15 = 3*p + 37, -12 = -2*m - 2*p. What is the highest common divisor of 5 and m?
5
Let h be (1 - (-1 + -1)) + -83. Let x = -48 - h. What is the greatest common divisor of 48 and x?
16
Let l(g) = g + 6. Let f be l(6). Calculate the highest common divisor of f and 132.
12
Let v(j) = -2*j**2 + 60*j + 28. Let g be v(30). What is the highest common factor of g and 42?
14
Let u(i) = i**2 + 8*i + 12. Let l be u(-8). What is the highest common divisor of l and 96?
12
Suppose d = 5*f - 219, 0 = -2*f - 2*d - d + 91. Calculate the greatest common divisor of f and 11.
11
Let h(x) be the third derivative of 3*x**4/8 + x**3 - 2*x**2. Let o = 20 - 12. Let d be h(o). Calculate the highest common divisor of d and 13.
13
Suppose 18*r - 11*r = 35. Suppose -f + 3*o + 3 = -4*f, -2*f + 2*o = -10. Calculate the greatest common factor of r and f.
1
Suppose -11*q + 8*q + 189 = 0. What is the highest common factor of 18 and q?
9
Let y(a) = 2*a**2 + 6*a. Let q be y(-5). Let b be 6*(-1)/(-2)*5. Suppose -5*i - b = -f - 0*i, 3*i = f - 13. Calculate the highest common factor of q and f.
10
Let l(x) = -x**3 + 6*x**2 + 16. Let s be l(6). What is the highest common divisor of s and 12?
4
Let i(r) = -299*r. Let m be i(-2). Let n = -388 + m. What is the greatest common divisor of 30 and n?
30
Suppose 3*s - 16 = 14. Let i = -8 + s. Suppose -i*k + k = -24. What is the greatest common divisor of k and 3?
3
Let y = -12 - -5. Let v(w) = w**2 + w - 2. Let j be v(y). Suppose -5 = 2*u - 3*n, -3*u - 4*n + 9*n = 10. What is the highest common divisor of u and j?
5
Let s be -2 + -1 + (5 - -1). Suppose 4*o + 51 = 3*x, -8*o - 67 = -4*x - s*o. Calculate the highest common divisor of x and 78.
13
Suppose -5*d + 4*p + 15 = 0, 2*d - 3 = d + 4*p. Let y = 6 - d. Calculate the highest common divisor of 21 and y.
3
Suppose 506 = 12*t + 11*t. Calculate the highest common factor of t and 2.
2
Suppose 0 = -5*f - 3*p + 21, -2*p - 4 = -4*p. Suppose 0 = -3*j + f + 3. Let o = 6 - 4. Calculate the highest common factor of j and o.
2
Suppose 5*n + 660 = -0*o + 5*o, -2*o + 252 = -5*n. What is the greatest common factor of 17 and o?
17
Suppose -12*x + 5 = -127. What is the highest common factor of 55 and x?
11
Suppose t - 3 = 5*j, 5*j = -t - 4 - 3. Let c be 1 - (1 + (-1 - t)). Let r be (105 + c)*4/8. Calculate the highest common factor of r and 13.
13
Suppose 0 = h + 4*h - 20. Suppose -3*n - 4*w + 18 = -7*w, -5*w = -h*n + 19. What is the highest common divisor of 55 and n?
11
Suppose -u + 5*k = -68, 0 = 5*u - 0*k + 2*k - 205. Calculate the highest common factor of 387 and u.
43
Suppose -g = -3*d - 7, -2*d = -4*g + 2*d + 4. Let r be g*(-1)/2*1. Suppose -r + 7 = 2*p. Calculate the highest common factor of p and 15.
3
Let i(n) = 2*n - n + n + 1. Let u be i(1). Let v = 8 + -6. What is the greatest common divisor of v and u?
1
Let w = 156 - 146. What is the greatest common divisor of w and 290?
10
Suppose 0 = 2*q + v - 53, 4*q + 0*q + 3*v = 111. Calculate the greatest common divisor of q and 36.
12
Let v = 24 + 88. What is the greatest common divisor of v and 16?
16
Let y(a) = -6*a**3 - 4*a**2 - 3*a - 2. Let g be y(-2). Let j = 30 + g. Let z = j - 12. What is the highest common divisor of z and 6?
6
Let u be 8*(-2 - (-14)/4). Suppose 0*s + 5*q = s - 24, 4*q = -u. Calculate the highest common divisor of 72 and s.
9
Let t be (-8)/(-28) - (-150)/14. Calculate the greatest common divisor of 11 and t.
11
Let i(o) = 4*o**2 + 7*o**2 + 3 + 2*o**2 - o**3 - 4*o**2 - 7*o. Let y be i(6). Calculate the greatest common divisor of y and 46.
23
Suppose 0*u = -5*u + 45. Let f(z) = z + 7. Let m be f(2). What is the greatest common factor of m and u?
9
Let i be -18*(4 - (-16)/(-3)). What is the greatest common divisor of i and 8?
8
Suppose 5*t = -4*z + 17, 7*z - 4*z - 9 = -3*t. Suppose 2*b - t*s - 21 = b, -9 = 3*s. Calculate the highest common factor of b and 30.
6
Let u be ((-5)/(-2)